a = w - 8. Let l(r) = -r**2 - r + 1. Let z(j) = 4*j**2 + 3*j - 6. Let n(p) = -3*l(p) - z(p). Give n(w).
3
Let v(a) = 8*a**3 + 4*a**2 + 18*a - 2. Let h(w) = 3*w**3 + w**2 + 6*w - 1. Let d(q) = 11*h(q) - 4*v(q). Determine d(6).
-3
Let j(y) = y**2 + 7*y + 1. Let c(z) = -2*z**2 - 15*z - 2. Suppose k - 10 = -k. Let m(i) = k*j(i) + 2*c(i). Let d = -2 - 0. What is m(d)?
-5
Let f(x) = -x**3 - 6*x**2 + x + 1. Let p = -5 + 6. Let w be (1 - (p + 0)) + -6. Calculate f(w).
-5
Let n(m) = m**3 - 5*m**2 - 6*m + 4. Let w be n(6). Let y(j) = j + 0*j + 0*j. Determine y(w).
4
Let x(m) be the second derivative of m**5/20 + 5*m**4/12 - 5*m**3/6 + 3*m**2 + 5*m. Let c = -13 - -7. Calculate x(c).
0
Let b(f) = 15*f + 9. Let x(a) = -22*a - 13. Let r = 16 + -9. Let p(o) = r*b(o) + 5*x(o). What is p(-2)?
8
Let j(q) = -q + 8. Let c be j(6). Let f = 1 - -4. Let z(p) = -3 + 0*p - 2*p + f. Calculate z(c).
-2
Let n(j) be the second derivative of -j**3/6 + 11*j**2/2 + 12*j. What is n(9)?
2
Let n(a) = -14*a + 2 + 11*a - 4*a. Determine n(2).
-12
Let r(j) be the third derivative of -j**3 - 1/60*j**5 + 0*j - j**2 + 7/24*j**4 + 0. Let t = -9 - -13. What is r(t)?
6
Let x(q) = 10*q**2. Suppose 3*h + 2 + 1 = 0. Let i be x(h). Let u(s) = -5 - s**2 - i + s + 12. Determine u(3).
-9
Let p(h) = 6*h**3 + 6*h**2 + 4*h - 3. Let a(x) = 7*x**3 + 6*x**2 + 5*x - 2. Let u(j) = 5*a(j) - 6*p(j). What is u(-6)?
2
Let q(r) be the first derivative of -r**3/3 - r - 60. Calculate q(1).
-2
Let r(a) = -3*a - 5. Let g(m) = -2*m - 4. Let w(z) = -4*g(z) + 3*r(z). Determine w(-1).
2
Let k(s) = 3*s + 2. Let f(u) = 2*u + 3. Let n(m) = -4*f(m) + 3*k(m). Let o be n(7). Let p(t) = -4*t**2 - 2*t + 1. Determine p(o).
-5
Let f = -16 + 18. Let i(x) = 2*x + 1 - 5*x - f + 0. Let v = 4 - 6. Calculate i(v).
5
Let c(o) = -o - 7. Let l be c(-8). Let s(k) = l + 0 + 0*k - k + 2. Calculate s(5).
-2
Let u = 22 + -23. Let r(w) = -12*w. Determine r(u).
12
Let u(m) be the first derivative of -m**4/4 + 2*m**3/3 - m**2 + 2*m - 37. Calculate u(2).
-2
Let p(f) = -f - 6. Let l be 13/3 + (-10)/30 - 4. Calculate p(l).
-6
Let o(m) be the second derivative of -2*m + 1/3*m**4 + 1/2*m**3 - 1/2*m**2 + 0 + 1/20*m**5. Let j = -9 + 6. Determine o(j).
-1
Let t(f) = f**3 + 3*f**2 - 4*f - 3. Let q(c) = c**3 - 7*c**2 + 4*c + 8. Let j be q(6). Give t(j).
-3
Let f(k) be the first derivative of -13*k**4/4 + k**3/3 + k**2/2 - k + 1. Let q(c) = -c - 11. Let l be q(-12). Calculate f(l).
-12
Suppose 5*o + 8 = 3*k, 0 = o + o - k + 3. Let x(y) be the first derivative of y**4/4 - y**3/3 - y**2 - y + 2. Calculate x(o).
-1
Let q(y) = y**3 - 5*y**2 + 2*y - 7. Let v be -1*4/((-8)/10). Let z be q(v). Let a(p) be the second derivative of -p**3/3 + 2*p**2 - 2*p. Determine a(z).
-2
Suppose 3*m + 60 = 6*m. Suppose -2*n - 3*n = -m. Let l(r) = -2 - r + 1 + 1 - 1 - n*r**3. Determine l(-1).
4
Let u(t) = -13*t**2 - 7*t + 14*t**2 + 0 + 2. Give u(3).
-10
Let z(o) = -o**3 + 8*o**2 - 7*o + 2. Suppose 5*p - 2*n = -4*n + 31, 4*n = 5*p - 43. Determine z(p).
2
Let b be 5 + 3 + -1 + -2. Let c(v) = 2*v - 5. What is c(b)?
5
Suppose -5*v - 2 = -c, -v = -c - 5*v + 2. Let y be c/(-5) - (-140)/(-25). Let i(l) = -l**2 - 8*l - 8. Determine i(y).
4
Let v = 21 - 14. Let n(s) = s**3 - 5*s**2 - 9*s - 6. Give n(v).
29
Suppose -2*q - 2*f + 8 = 2*f, 2*q = -3*f + 4. Let t(v) = -2*v + 2. What is t(q)?
10
Let c = -2 - -4. Let f(t) be the first derivative of -t**2 + c*t - 1 - 2/3*t**3. Give f(-2).
-2
Let x(j) = j**2 - 6*j - 3. Let h = 30 + -24. Determine x(h).
-3
Let m = -7 - -8. Let t(y) = 6*y**2. Give t(m).
6
Let f be 7/(7/(-4)) + 3. Let d(k) = -k**2 + 7*k - 6. Let c be d(6). Let x(u) = c*u**2 + 2*u**2 - 1 + 5*u**2. What is x(f)?
6
Let l(n) be the second derivative of -n**5/20 - 7*n**4/12 - 2*n**2 - 4*n. Suppose -28 = -0*r + 4*r. Calculate l(r).
-4
Let y(q) = -q + 1. Let g(z) = -2*z + 1. Let h(w) = 3*g(w) - 4*y(w). Let f be h(1). Let a(b) = 2*b**2 + 3*b - 4. Calculate a(f).
5
Let m be (-4)/8 - 14/(-4). Let x(q) = -m*q - 2*q - 3*q**2 - 6 + 2*q**2. Give x(-4).
-2
Let b(u) = -u - 2. Let y be b(-4). Suppose 4*q = -20, y*q + 8 = l + q. Let g(n) = n**2 + 2 + 2 + l*n - 6. Determine g(-4).
2
Let t = -4 - 1. Let c be ((-30)/3)/(t - -3). Let k(d) = d**3 - 7*d**2 - 9. Let j(h) = h**2 + 1. Let n(z) = -2*j(z) - k(z). Give n(c).
7
Let g(q) = 4*q - 2. Let c be 0/(-2) + -2*1. Give g(c).
-10
Let u(k) = -7*k**2 - 4*k + 1. Let f be ((-6)/(-15))/((-3)/45). Let w(i) = 15*i**2 + 9*i - 2. Let h(a) = f*w(a) - 13*u(a). Calculate h(4).
7
Let c(n) = 2*n + 9. Let a be c(-8). Let s = -7 - a. Let f(h) = -2*h + 11. Let w(r) = r - 6. Let z(m) = 2*f(m) + 5*w(m). Determine z(s).
-8
Suppose 5*w + 5*l + 10 = 0, -2*l - l = -2*w + 6. Let q(v) = v**3 - v**2 - 15. Determine q(w).
-15
Suppose -j + 5 = 4*j, -2*j = -4*i - 38. Let l(y) = -y - 12. Calculate l(i).
-3
Suppose -q - 71 = -71. Let n(t) be the second derivative of 1/20*t**5 - 1/3*t**4 + q + 1/2*t**3 + 3/2*t**2 - t. Give n(3).
3
Let l(a) = 4*a**3 + a**2 - 2*a - 3. Let w be l(-1). Let r(d) = -5*d + 6 + 2*d + 4*d. Determine r(w).
2
Let i be (-69)/(-5) + (-1)/(-5). Let y = i + -18. Let g(a) = -a**2 + 7. Let v(j) = -2*j**2 + j + 15. Let l(x) = -5*g(x) + 2*v(x). Give l(y).
3
Let w(h) = -2*h - 7. Let p(z) = z + 1. Let i(m) = -2*m + 5. Let s(t) = -i(t) - 5*p(t). Let o(g) = -5*s(g) + 7*w(g). Determine o(-2).
-1
Let u(r) = -r + 7. Let z(n) = -1. Let i(g) = -u(g) + 5*z(g). Let f(t) = 3*t. Let d = 8 - 6. Let l be f(d). Determine i(l).
-6
Let y(k) = -k**3 - 4*k**2 + 22*k + 4. Let l be y(-7). Let t(j) be the second derivative of -j**4/12 - j**3/6 + j. Give t(l).
-6
Suppose -4*p + 3*c + 12 = 0, 0*c = -3*p - 2*c + 9. Let m(b) = -b**3 + 2*b**2 + 2*b + 3. Give m(p).
0
Let i(v) = -v**2 + 3*v + 2. Let d(h) = h. Let c(t) = -5*d(t) + i(t). Suppose f = -f + 20. Let a be f/(-25) - (-13)/(-5). Calculate c(a).
-1
Let z(g) = -g**2 + g + 6. Let o(l) = 9*l**2 - l. Let x be o(1). Let m = 8 - x. Determine z(m).
6
Let u(o) = 2*o**2 - 8*o + 3. Suppose -3*f + 4*y = -19, 3*f + 0*f = 3*y + 18. What is u(f)?
13
Let s(k) = -6*k**2 - 1. Let o = 46 + -45. Calculate s(o).
-7
Let l(d) be the second derivative of -d**3/6 - 3*d**2/2 + d. Let c(m) = -2*m + 4. Let s be c(6). Let j be (-2)/3 + s/(-12). Calculate l(j).
-3
Let d(s) = -s + 5. Suppose 8*n + 12 = 11*n. Calculate d(n).
1
Let v(r) = r - 3. Let h be v(6). Let c(j) = 3*j**2 + j**h + 0*j**2 + j**3 + j. Suppose -13 = 5*x + 3*k, -x + 2*x - 3*k - 1 = 0. Give c(x).
-6
Let k = 9 + -5. Let q(c) = c**3 - c**2 + 3. Let s be q(0). Let u(b) = -1 + b**2 - 2 + 0*b**2 - s*b. Give u(k).
1
Let d(r) = -3*r**3 - r**2 + 2*r - 2. Let u be (9/15)/((-9)/(-30)). Calculate d(u).
-26
Let u(n) be the second derivative of -7*n**5/20 - n**3/6 + n**2/2 + 2*n. What is u(1)?
-7
Let w(x) = -x + 3. Let y(f) = f - 2. Let z be y(8). Calculate w(z).
-3
Let n(k) = -k + 6*k - k. Calculate n(-1).
-4
Let t(a) be the third derivative of 0*a**4 + 3/40*a**6 + 0*a + 0 - 1/60*a**5 + 1/6*a**3 + 4*a**2. Give t(-1).
-9
Let l be 30/2 + 2 + 1. Suppose 3*f + l = 45. Suppose -a + f = 2*a. Let u(k) = -3*k + 1. Determine u(a).
-8
Let j(o) = 2*o - 2. Let y(u) = u + 1. Let c be y(1). Suppose m + 1 = 2*m. Suppose -f - c*f - w = 5, m = 2*f + 5*w. Determine j(f).
-6
Let h be 0*2/(-1 + -1). Let y(a) = -a**2 + 8. Give y(h).
8
Let p(o) be the second derivative of -o**5/20 - o**4/4 + o**3/6 - 3*o**2/2 - 2*o. Let x(m) = -m - 5. Let f be x(-2). Calculate p(f).
-6
Let q(n) = -n**2 + 5*n - 2. Suppose 0 = 5*t - t - 12. Let u(j) = -2 - t*j + 7 - 3*j - j**2. Let k be u(-6). Calculate q(k).
-2
Let v(g) = g**2 - 2*g + 4. Let t(m) = m**2 - 10*m + 3. Let f(y) = 2*y**2 + 2*y - 3. Let r be f(2). Let x be t(r). Let a = -3 - x. Determine v(a).
7
Let i = 4 + -1. Let l(n) = -i + 1 - 1 - 3*n. Suppose -5*w + 3*w - 15 = 3*b, 15 = -3*b - 4*w. What is l(b)?
12
Let r(c) be the second derivative of c**4/12 + c**3/6 - c**2 - 4*c. Give r(3).
10
Let a(b) = 2*b**2 - 3*b. Let m = -3 + 5. Let q be a(m). Let i(u) = u - 2 + q*u + 3. Calculate i(1).
4
Let q(z) be the second derivative of z**6/360 + z**5/60 - z**4/24 - z**3/2 + 2*z. Let l(t) be the second derivative of q(t). Give l(-4).
7
Suppose -z - 3*b - 2 = 0, 0 = 5*b - 0*b + 5. Let i(m) = 2*m**2. Let l(x) = -2*x**2 + x**2 + 0*x**2. Let a(c) = z*l(c) + i(c). Give a(-1).
1
Let p(o) = -3*o**2 + 7*o - 11. Let c